u - 13816 = -6*h + h. Suppose -l = 4*l - h. Is l a prime number?
False
Let n = 3650 - -399. Is n a prime number?
True
Suppose 0 = 4*x + x - 340. Let d = 110 - x. Suppose d = t + 2*t. Is t a prime number?
False
Suppose 0 = -13*t + 10113 + 18526. Is t a prime number?
True
Suppose -t + 14 = s + 4*s, 2*s - 9 = 3*t. Suppose -2*l - s = -9. Suppose -l*r - v + 794 = -r, -794 = -2*r + v. Is r a prime number?
True
Suppose 26*v - 125459 = 8415. Is v composite?
True
Suppose 0 = -0*r + 3*r + 15. Let f = -3 - r. Suppose -s = f*b - 3*b - 267, -s + 2*b = -269. Is s a composite number?
True
Is -5 + 6 - 17*-210 prime?
True
Let u = 5683 - -2326. Is u a composite number?
False
Suppose -27200 = -j - 3*d - 576, -j + 26617 = -4*d. Is j composite?
True
Let i = -32 - -35. Suppose -624 = -9*g + i*g. Let q = -1 + g. Is q a prime number?
True
Let z = 0 + 23. Suppose 2*l + 31 = 5*a, -3*a + 4 + z = -4*l. Suppose 522 = -a*q + 3*r + 1447, 925 = 5*q - r. Is q prime?
False
Let m = -3781 - -7158. Is m a prime number?
False
Suppose -2*u - 94015 = -5*l, 15*l - 16*l + 18803 = -3*u. Is l prime?
True
Let g be 106*(9 + (-6)/3). Let t = 1573 - g. Is t composite?
True
Let y(b) = -6*b**3 + 4*b**2 + 2*b - 4. Let l(u) = u**3 - u + 1. Let h(d) = 5*l(d) + y(d). Let s be h(2). Is (-1 - (3 + -116)) + s prime?
False
Suppose 4*k - 3886 = 2142. Is k a composite number?
True
Suppose 3*z - 5*r = -17, -z + 9 = 4*z + r. Let o(k) = 2*k + 1. Let c be o(z). Suppose -357 - 888 = -c*w. Is w prime?
False
Suppose 3*a - 9 = 6. Suppose 15 = 3*u, -5 = -a*j + u - 2*u. Suppose j = -2*w + 65 + 93. Is w composite?
False
Suppose 0 = -2*a, 2*j - 13 = -5*a + 57. Suppose 31*z = j*z - 7724. Is z prime?
True
Let i = -300 - 2395. Let n = i + 4456. Is n composite?
True
Is (-19562)/36*-2 + (-4)/(-18) a prime number?
True
Let c = -5 + 7. Let x be c - 1/((-2)/2). Suppose 50 = 2*q + x*q. Is q prime?
False
Let h(u) = u**2 - 6*u - 4. Let n be h(6). Let s(d) = -3*d - 2. Let q(v) = -v - 1. Let w(r) = n*q(r) + s(r). Is w(8) composite?
True
Suppose -4*o - 2*h = 1 - 7, 0 = 2*o + 5*h + 1. Let n = 1 + o. Suppose -n*j + 125 = -16. Is j composite?
False
Let c(s) = 45*s + 19. Let a be c(8). Suppose -6*b + 419 = -3*b + 4*j, -3*b = -4*j - a. Is b prime?
False
Suppose -2*l + 2*u + 7222 = 0, -4*l + 7*u = 2*u - 14441. Let c = l + -2445. Suppose 3*h - 736 = -2*v, -c + 54 = -3*v + h. Is v a prime number?
False
Is (1 + -2)/(44/(-220132)) prime?
True
Suppose k = -2*k - 459. Let y be 68*(-4 + 18/4 + 3). Let r = y - k. Is r composite?
True
Let z(f) = -6*f**2 + 2*f**3 + 0*f**3 - 11*f + 2*f - 3*f**2 - 3. Is z(8) prime?
True
Suppose 9*s = -16*s + 1110025. Is s prime?
False
Let q = 41 - 39. Suppose q*x - 1015 = -3*x. Is x prime?
False
Suppose 1648653 + 1915383 = 36*p. Is p a composite number?
True
Suppose 13*u = 322 + 12379. Is u prime?
True
Let o be 8/(2/(-12)*-3). Let y = 26 - o. Is 4/(-10) - (-794)/y prime?
True
Let x = -43 + 49. Let o(j) = 46*j + 17. Is o(x) prime?
True
Let a be (-1264)/6*18/12. Let b = 2623 - a. Is b composite?
False
Let j(l) = l**3 + l**2 - l + 179. Let z(h) = -h + 1. Suppose -4*m + 5*m - 1 = 0. Let d be z(m). Is j(d) a prime number?
True
Let n be -21*((-30)/9 + 0). Suppose 4*s - p = 140, -3*s - 2*p + n = -s. Suppose -s = -r + 12. Is r a prime number?
True
Let b be -4 + 16/4 + -538. Let a = 48 - b. Is (a/6)/(5/15) a prime number?
True
Let i be -6 + 2 + 0 + -2. Let j = 319 - 177. Is 1*(-3)/i*j a composite number?
False
Suppose 0 = -13*i + 10*i + 16521. Is i prime?
True
Let a(c) = 262*c - 55. Is a(6) a prime number?
False
Let a(n) = -n + 6. Let l be a(7). Let i(w) = -w**3 + 13*w**2 - 9*w + 6. Let t be i(7). Is (5/(-3))/(l/t) composite?
True
Let j = 132149 + -77212. Is j a composite number?
True
Let b(c) = 3*c**3 - 10*c**2 - 31*c - 35. Is b(10) a prime number?
False
Let z(a) = 2*a**2 - 2*a - 1. Let w be z(-1). Suppose 195 = -w*h + 552. Suppose -2*g - 2*v - v = -h, 2*g - 149 = 3*v. Is g composite?
False
Suppose 125241 = 78*a - 434565. Is a a composite number?
False
Let f(l) = 514*l**3 + 2*l**2 + l + 8. Is f(3) a composite number?
False
Suppose 3*i = 8*i. Suppose -u + 5*u = i. Let p(a) = -a + 15. Is p(u) prime?
False
Let c(y) = -15*y + 6. Let k(i) = 30*i - 13. Suppose 3*p + 6 = -2*a, -3*a - p - 18 = 5. Let t(f) = a*c(f) - 4*k(f). Is t(4) a composite number?
True
Suppose 5*v - 12447 = 6*i - 10*i, 2*v = -i + 4980. Is v composite?
True
Suppose 6*b + 157 = -233. Let s = b + 162. Is s composite?
False
Suppose 28*r - 389475 = 1359433. Is r composite?
True
Let t = 156 + -82. Suppose t*j = 78*j - 636. Is j prime?
False
Suppose 42 = d + d. Let n be (-910)/d*6/(-2). Let x = 55 + n. Is x prime?
False
Let p(a) = -2*a**3 - 3*a**2 - 2*a + 2. Let g(y) = y**3 + 4*y**2 + 2*y - 3. Let q(s) = -4*g(s) - 3*p(s). Suppose 25 + 10 = 5*h. Is q(h) a composite number?
True
Let z = -5 + 3. Let w(x) = 39*x**2 - x + 3. Is w(z) prime?
False
Let x(i) = -i**3 - 2*i**2 - i + 8821. Let h be x(0). Suppose 5305 = 3*b + 4*s + s, 2*s = 5*b - h. Is b composite?
True
Let w(d) = 2*d**2 - 3*d + 3. Let r be w(2). Suppose -3*k + r = 2*k, -4*k - 5 = -m. Suppose 0 = -6*b + m*b - 663. Is b a composite number?
True
Let y be (-2)/(-2)*(30 + -16). Suppose 2*s - 90 = -y. Is s a composite number?
True
Let o(a) = 6*a**2 + 3*a - 3. Let w be o(3). Suppose i = 81 + w. Is i prime?
False
Is (-6 + 7049/(-28))/((-4)/48) prime?
False
Let t(p) = -p + 1. Let q(r) = 3*r + 5. Let f(s) = q(s) + 6*t(s). Is f(-8) a prime number?
False
Let n(a) = 5*a**3 - 5*a**2 + a - 7. Let s(r) = -r**2 - 8*r - 6. Let x be s(-3). Let c be x/(-15) - 46/(-10). Is n(c) a composite number?
True
Let k(u) = -u - 7. Let g be k(8). Let q = g + 34. Is q a composite number?
False
Let m be 3/(-2)*16/(-8). Let k be ((-4)/m)/((-2)/144). Suppose k = f - 1. Is f a prime number?
True
Let r(t) = 14*t**3 - t + 2. Let c be r(3). Suppose -c = -3*d + 2536. Is d a composite number?
False
Let s(m) = -m**2 - 2*m. Let c be (5/(-2))/((-1)/2). Let q be s(c). Let a = 120 + q. Is a a prime number?
False
Let b(l) = l - 2. Let u be b(6). Let t(d) = d + 259 - 6*d + u*d. Is t(0) a prime number?
False
Let z(p) = 154*p + 3. Let q be (-40)/50 - (-54)/5. Is z(q) a prime number?
True
Let d(s) = 4*s**3 + 2*s**2 - s. Let c be d(1). Suppose -c*b - 24 = -64. Is b/(-20) - (-3157)/5 a prime number?
True
Suppose m + z = 0, -4*m + 2*z + 0*z = 12. Let v(h) = -338*h - 1 + 0 + 133*h. Is v(m) a prime number?
True
Suppose -5*a = 2*f - 855 - 1597, -4*f = 5*a - 2444. Suppose -4*j + 2864 + a = 0. Is j prime?
True
Let b be (-5188)/5 + (-4)/10. Let j = b - -2125. Is j prime?
True
Suppose v + 3*l - 174005 = -3*v, -v - 2*l + 43505 = 0. Is v a composite number?
False
Suppose 6 = -o + 9. Let p(g) = -1035*g**3 - 3*g - 2. Let t be p(-1). Suppose 2*h + 779 = -o*c + 6*c, -4*c + t = -2*h. Is c a prime number?
True
Let w(k) = -k**3 + 6*k**2 + k - 4. Let g be w(6). Suppose g*d = -5*t + 293, -5*t + 250 = 3*d - 202. Is d prime?
False
Is ((-30726)/(-24))/9*8 + 1 composite?
True
Let i(f) = 4*f**2 - 37 - 4*f**2 + 33*f - 22*f + f**2. Is i(18) a prime number?
False
Let c(j) be the second derivative of j**5/10 + 5*j**4/12 - 2*j**3 + 15*j**2/2 - 10*j. Is c(10) composite?
True
Suppose 15*r - 4*r = 82489. Is r prime?
True
Let d(f) = 9*f**3 + f + 5. Let b be -2*4/8 - -4. Is d(b) prime?
True
Suppose 3*l = 0, -3*l = 5*k + 2*l + 40. Let z(j) = -j + 3. Let t(o) = 3*o - 6. Let i(b) = -3*t(b) - 5*z(b). Is i(k) a prime number?
False
Suppose -2*a = -34042 - 22876. Is a prime?
False
Suppose -10*p - 116 = -14*p. Let i = 41 - p. Is ((-8)/i)/((-2)/477) a prime number?
False
Let s(o) = 16*o + 257 - 27*o + o**2 + 11*o. Is s(0) a prime number?
True
Suppose -4*z = -4*t - 25676, -3*z - 69*t + 67*t = -19267. Is z composite?
False
Let p be 13 + -11 + 1*65. Suppose 0 = 4*u - 5*u + p. Is u a prime number?
True
Let l(r) = -9*r**3 + r**2 - 8*r - 10. Let t be l(-5). Suppose 4*p - 3*x + t = 6*p, -p = -5*x - 577. Is p a composite number?
False
Suppose -3*l + 132 = -3*w, 4*l + 0*w = -2*w + 158. Suppose l*m - 42*m = -191. Is m composite?
False
Let g be (-18)/(-4) - 10/(-20). Suppose -g*f + 3*b = 26, b + 3 - 17 = 3*f. Let c(l) = 18*l**2 + 1. Is c(f) a composite number?
True
Let k(s) = 36 + 572*s - 32 + 364*s. Let f be k(2). Suppose 3*p - 3*z = p + 938, 4*p - z = f. Is p a prime number?
False
Let i(v) = -2*v**2 + 18*v -